 z = r*l - 12*l + 104. What is the highest common divisor of l and 65?
13
Let y(l) = 88*l - 170. Let s be y(4). What is the greatest common factor of s and 14?
14
Suppose 2*a - 4*c + 155 = 227, -2*a + 56 = 4*c. Let o be 10 + -2 + -1 + 1. What is the highest common divisor of o and a?
8
Let d be (1 - -2)/(3/(-4)). Let c be 2/(d/30)*(6 - 7). Calculate the highest common factor of 10 and c.
5
Let l(p) = p**2 + 8*p - 17. Let i be l(-11). Calculate the highest common factor of 208 and i.
16
Let m be 3/3 + -14 + 0. Let b = 6 + m. Let i = b + 8. Calculate the highest common factor of 5 and i.
1
Let g be -9 + 6 + -1*89. Let q = 182 + g. Let m(v) = -v**2 + 8*v + 3. Let h be m(7). Calculate the greatest common factor of h and q.
10
Let p = -1606 + 2531. What is the highest common divisor of 74 and p?
37
Let o(n) be the first derivative of -n**4/4 + 2*n**3 + 5*n**2/2 - n - 44. Let x be o(4). Calculate the highest common divisor of x and 408.
51
Let x be 3 + (4/(-8))/(2/(-484)). Calculate the highest common factor of 186 and x.
62
Let x(v) = v**3 + 8*v**2 + 11*v - 2. Let s be x(-5). What is the greatest common divisor of 10 and s?
2
Let i(h) = h**3 + 8*h**2 + 8*h + 2. Let k be i(-6). Let x be 4/(-14) + 30/7. Let d be (55 + -3)*x/16. What is the highest common factor of k and d?
13
Suppose 0*g = 2*g + 3*k - 61, g - 48 = -5*k. What is the highest common divisor of 437 and g?
23
Let q(f) = -f**3 - 8*f**2 - 9*f - 10. Let y be q(-7). Suppose -y*k = -2*o + 264, -3*o = 2*k - 5*k - 405. Calculate the highest common divisor of o and 6.
6
Suppose -3037 - 3403 = -40*r. Calculate the greatest common factor of 7 and r.
7
Let v(s) = s**3 - 9*s**2 - 8*s + 21. Let p be v(10). Suppose 3*w + 5*u - p = 0, 4*u - 6 + 2 = 0. What is the highest common factor of 42 and w?
6
Suppose 0 = -2*s + 4*m + 16, 2*m + 1 = -2*s + 17. Let o(l) = l**2 + 1. Let u be o(0). Calculate the highest common factor of s and u.
1
Let l = 44 + -28. Let a = l + -4. Calculate the highest common divisor of a and 12.
12
Let v(h) = -h**3 - 17*h**2 - 25*h - 17. Let w be v(-16). Let n = -72 + w. Suppose -2*k + 31 = -j + 8, j = -1. Calculate the greatest common factor of k and n.
11
Suppose i = 88 + 52. Let x be (1 + -7 + (-136)/(-20))*25. Calculate the greatest common divisor of x and i.
20
Let k = -512 + 263. Let r be (-12)/(-3) + k/(-3). Suppose 2*t = 5*i + 83, 0*t = -2*t + 3*i + 73. What is the highest common factor of r and t?
29
Let f = 0 + 2. Suppose 4*b = -2*l + 28, -8*b - 2*l = -12*b + 36. Calculate the greatest common factor of f and b.
2
Let x(m) = -m**3 + 21*m**2 + m - 8. Let l be x(21). What is the greatest common divisor of 1 and l?
1
Let k = -2316 + 2376. Calculate the greatest common divisor of k and 100.
20
Suppose -7*q - 25 = -88. What is the highest common factor of 9 and q?
9
Let m be (-3 + 2)*-35*(-40)/(-4). Let w(c) = 2*c**2 + 15*c + 8. Let u be w(-9). What is the greatest common divisor of m and u?
35
Let g(u) = 3*u**2 + 2*u - 15. Let d be g(-13). Suppose 81 = -11*t + d. Calculate the greatest common divisor of 7 and t.
7
Let i be -6 + 1 + 7 - -158. What is the highest common divisor of 20 and i?
20
Let o be (-11 + -1)/(5 + 917/(-182)). What is the highest common divisor of o and 48?
24
Let k be -6 - -3 - (-1 - (-2 + 37)). Suppose 3*g - k - 54 = 0. Calculate the greatest common factor of 319 and g.
29
Suppose -j - 4*v = -28, 23*v + 117 = 5*j + 20*v. Calculate the greatest common divisor of j and 48.
24
Suppose -47*d = 5*d - 5512. What is the greatest common divisor of d and 2?
2
Let s be 1 + -6*-1*(-4)/(-12). Suppose 5*u + 4*o - 30 = 0, u + 0*u - s*o + 13 = 0. Suppose 4*p - 11 = -3. Calculate the highest common divisor of p and u.
2
Let t be (9/(-6))/((-2)/12). What is the greatest common factor of 21 and t?
3
Let r be ((2 - -1) + -3)/(-1) + -4. Let l be (3/(-2))/(3/(-28)). Let a = r + l. Calculate the greatest common factor of 20 and a.
10
Suppose 19*x - 298 = 82. Calculate the greatest common divisor of x and 44.
4
Let y = 1 + 8. Let p(h) = h - 1. Let v be p(7). Let n = 87 - v. What is the highest common divisor of n and y?
9
Let s(z) = -z + 10. Suppose -3*n - 34 = -13. Let d be s(n). Suppose 0 = -5*w - 0*l + 4*l + 753, l = -w + 156. What is the highest common divisor of w and d?
17
Let v = 7 + -2. Suppose 12*c = 14*c - 16. Suppose -5*u - 3*d + 200 = 0, -u + 48 = -3*d + c. Calculate the greatest common divisor of v and u.
5
Let d(i) = 109*i + 1028. Let u be d(0). Calculate the greatest common factor of 4 and u.
4
Suppose c = -3*m + 24, 19 = 4*m - c - 13. Let i = 17 - 18. Let q = m - i. Calculate the greatest common factor of 3 and q.
3
Suppose 3*w - 3*q - 36 = 0, 2*q = -2*w - 2*w + 60. Suppose -x = -0*x - w. Calculate the highest common divisor of x and 21.
7
Let o be (-27040)/(-507)*18/4. Calculate the highest common divisor of 45 and o.
15
Let q(j) = -7*j - 12. Let i be q(-2). Let z = 10 + -2. What is the greatest common divisor of z and i?
2
Suppose -669 - 1221 = -14*n. Calculate the greatest common factor of n and 60.
15
Suppose 0 = -5*j - 3*o + 74, -11*o + 10*o = j - 14. Calculate the highest common factor of j and 1168.
16
Let d = 40 + -23. Let s = -1652 - -1686. What is the highest common divisor of s and d?
17
Suppose -2*x + 4*k + 529 = 5*k, 4*x - 1070 = 2*k. What is the greatest common divisor of x and 114?
38
Let q(x) = 769*x**3 + x - 1. Let c be q(1). Suppose 3*w - c = -118. Suppose -2*p = -5*r + w, 2*p - 4*p + 8 = 0. What is the greatest common divisor of r and 18?
9
Suppose -2*a - 5*p = 11 + 2, -p = a + 2. Let t be (-1 - -11)/(-5) + 47/a. Calculate the highest common divisor of t and 30.
15
Let o = -986 - -992. What is the greatest common factor of 978 and o?
6
Let j = 69 - 14. What is the greatest common divisor of j and 88?
11
Let k be 9 - 4 - ((-3)/(-3) + -89). Calculate the highest common divisor of 248 and k.
31
Let j = -50 - -46. Let z(d) = d**3 + 4*d**2 - d + 7. Let h be z(j). Calculate the greatest common divisor of 11 and h.
11
Suppose 67*u + 75 = 72*u. Calculate the highest common factor of u and 30.
15
Suppose -2*d - 3 = 1, 5*x + 5*d - 170 = 0. Calculate the highest common factor of 2 and x.
2
Let q be ((-1 + -1)/(-4))/((-1)/(-20)). Suppose -i = 2*z - 9, 3*i - 15 = -4*z + 4. Suppose -20 = -5*h + z*h. Calculate the highest common factor of q and h.
10
Let d be (-1410)/(-20)*(1 + 1). Let i = d - 50. Suppose 7*g - 55 = 3*g + 3*f, g - 3*f = 16. What is the highest common factor of g and i?
13
Let m = 108 + -103. Suppose -j - 36 = -m*j. Calculate the highest common divisor of 36 and j.
9
Suppose 4*c - 64 - 68 = 4*f, 3*c - 111 = -f. Let q(k) = -24 + 2*k**2 - 3*k**2 - 15*k + 12. Let s be q(-12). What is the highest common divisor of s and c?
12
Let n be (7 - 184/24)/((-2)/1155). What is the highest common factor of n and 10?
5
Let m be (3/(-4))/((-3)/12). Suppose -25 = m*d + 2*d. Let i be d/(-4) + (-42)/(-56). Calculate the greatest common factor of i and 8.
2
Let k be (2*-1)/((-2)/44). Let z be (-1)/2*-2 - (529 - 561). Calculate the greatest common divisor of z and k.
11
Suppose 0 = 21*o - 7*o - 406. What is the highest common factor of 1334 and o?
29
Let c be -10*(-8 - 224/(-40)). What is the highest common factor of c and 48?
24
Let v(h) be the second derivative of -7*h**3/3 - 10*h**2 + 2*h. Let g be v(-6). Suppose 4*y - 24 = 8. What is the greatest common divisor of y and g?
8
Let d = -162 + 317. Calculate the greatest common divisor of d and 62.
31
Let o be (-1)/2 - (-25)/2. Let k be (-29)/(2233/(-22))*168. Calculate the highest common divisor of k and o.
12
Suppose k = -3*r - 15, k + 4*r = -0*k - 17. Let h be (3/2)/(k/(-114)). Let m = -169 + 245. Calculate the highest common divisor of h and m.
19
Suppose 4*c = 2*k + 384, 359 = 5*c + k - 114. Calculate the greatest common divisor of c and 57.
19
Let h be (-132)/(-5)*11900/210. What is the highest common factor of 22 and h?
22
Let v be -12*6/(-2 + -1). Let m(s) = -6*s**2 + 42*s - 24. Let w be m(4). Calculate the highest common divisor of w and v.
24
Let h(q) = q**3 + 2*q**2 - 2*q - 1. Let j be h(6). What is the highest common divisor of 75 and j?
25
Suppose 0 = -7*d + 394 - 198. Calculate the greatest common divisor of d and 574.
14
Let a(w) = -w + 2. Let y be a(-2). Suppose 2*g - y = 4*g, 5*x - g - 172 = 0.